the remainder when a is divided by 1/(-3) - 201/m?
20
Suppose 87 = 5*a - 4*f, 0 = a - 3*a - 2*f + 24. Suppose 0 = -24*b + 26*b + 172. Let u = b + 110. What is the remainder when u is divided by a?
9
Suppose -14*c + 5*c + 41248 = -c. Calculate the remainder when c is divided by 120.
116
What is the remainder when 131 is divided by (-16)/(-120) - (-1884)/45?
5
Suppose z + 3*z - m - 2415 = 0, -5*m = 3*z - 1794. Suppose -4*g + 2031 + 345 = 4*n, -z = -g - 4*n. Calculate the remainder when g is divided by 119.
115
Let x(k) = 10*k + 3. Let b be x(9). Let p be (3 - -1) + b - 4. Suppose -3*i + p = -57. What is the remainder when i is divided by 18?
14
Suppose 0 = -20*c - 210 + 610. What is the remainder when 199 is divided by c?
19
Suppose 5*h + 94 - 684 = 0. Calculate the remainder when h is divided by ((-42126)/(-112))/59*(-24)/(-9).
16
Let b = -19153 + 19196. Let x = 159 - 35. What is the remainder when x is divided by b?
38
Let v(s) be the first derivative of 3*s**2/2 - 9*s - 11. Let t be v(10). Let h = t + 13. Calculate the remainder when 99 is divided by h.
31
Suppose -10*o = 15 - 65. Suppose -5*y = -6*y + o. Suppose 3*m - 4*a - 384 = 0, y*m + 2*a + 186 = 800. Calculate the remainder when m is divided by 18.
16
Suppose 0*i - 262 = 2*w + 2*i, -2*i + 655 = -5*w. Let s = w + 157. What is the remainder when s is divided by 9?
8
Suppose 2419*f = 2371*f + 61824. What is the remainder when 5156 is divided by f?
4
Let c = 20470 - 14647. What is the remainder when c is divided by 52?
51
Let k(w) = w - 13. Let u(h) = -h + 13. Let r(p) = -4*k(p) - 3*u(p). Let n be r(0). Let j = 21 - n. What is the remainder when 30 is divided by j?
6
Let r = 206 - 243. Let q = r + 56. Calculate the remainder when 94 is divided by q.
18
Let k(n) = 168*n**2 + 4*n + 3. Let c be k(-1). Let s = c - 134. What is the remainder when 95 is divided by s?
29
Let l(w) = 24*w - 141. Let y be l(6). Suppose -4*n + 3*b + b = -24, 3 = y*n + 2*b. Suppose 3*j + j = 36. What is the remainder when j is divided by n?
0
Let i(z) = 8*z**2 - 154*z - 56. What is the remainder when i(20) is divided by 23/4 + 2/8?
4
Let a = 1222 + -1208. Let z(j) = 3*j - 20. Let u be z(8). Suppose u*d + w - 182 = 0, 2*d + 2*w - 61 = 27. Calculate the remainder when d is divided by a.
4
Let r = 401 - 296. Suppose 37 = -17*j + r. Calculate the remainder when 61 is divided by j.
1
Let k = -11901 + 14742. Calculate the remainder when k is divided by 472.
9
Suppose -4326 = 3*w + 2*j, -j + 0*j + 7210 = -5*w. Let i be (-8)/6 + w/(-42). Let y = i - 21. What is the remainder when 22 is divided by y?
10
Suppose -4*h = -5*q + 167, 2*h = 3*q - q - 68. Calculate the remainder when ((-29)/(-3)*1)/(3/27) is divided by q.
25
Let p(o) = 4*o**2 + o - 3. Suppose -7*f + f = -54. Suppose f = 10*u - 201. Calculate the remainder when u is divided by p(-2).
10
Let t be (-15)/6*(-42)/35. Suppose 0 = 3*h + 15, 2*i - t*h + 7*h = 82. Suppose -i = y - 89. What is the remainder when 150 is divided by y?
36
Suppose -14*a + 101 = 51*a - 289. Calculate the remainder when 74 is divided by a.
2
Suppose 20*a - 21*a = 0, 4*n - 2*a = 136. Calculate the remainder when 915 is divided by n.
31
Let w(z) = 3*z + 6. Suppose -340*i - 349*i + 1980 = -644*i. Calculate the remainder when i is divided by w(5).
2
Let k = -134 - -126. What is the remainder when 1*(k/(-2) - -93) is divided by 10?
7
Suppose -4*d - 3000 = -4*o + d, -4458 = -6*o - 3*d. Calculate the remainder when o is divided by 30.
25
Suppose 6*n - 99 = 3*n. Let r = n - 18. Let p = 38937 + -38913. What is the remainder when p is divided by r?
9
Let z = -2066 + 2267. Suppose 0 = -5*c + 7*c - 70. What is the remainder when z is divided by c?
26
Suppose 75219 + 10681 = 104*v - 4*v. Calculate the remainder when v is divided by 428.
3
Let t(a) = 3*a + 5. Let y(n) = -n - 1. Let d(k) = 2*t(k) + 9*y(k). Let o be d(-2). Let f = 31 + o. What is the remainder when f is divided by 14?
10
Let c(i) = -2*i**3 + 56*i**2 + 6*i - 123. Calculate the remainder when 240 is divided by c(28).
15
Let i be 2 - 1 - (-6 + (4 - 19)). Calculate the remainder when 359 is divided by (-33)/i - 46/(-4).
9
Suppose 5*f - 4*f = 5. Suppose 5*x - 6 = 3*o, -2*x + f*o - 6*o = -9. What is the remainder when (-2)/(-4) + 62/4 is divided by x?
1
Let h = 72292 + -72276. Suppose 7*b - 4*b - p = 241, -b - 3*p + 67 = 0. What is the remainder when b is divided by h?
15
Suppose -3*h + a = -483, 2829 = 5*h + 4*a + 2058. What is the remainder when h is divided by (-4)/(-3)*3*8?
31
Let g(d) = -d**3 + 9*d**2 - 6*d + 9. Suppose -71*v + 6*c + 65 = -70*v, -78 = -4*v - 2*c. What is the remainder when g(6) is divided by v?
12
Suppose 23*q + 214 - 820 = 21*q. What is the remainder when 1319 is divided by q?
107
Suppose -f + 2*i + 1372 = 0, 0 = -6*f + i + 9775 - 1609. What is the remainder when f is divided by 339?
4
What is the remainder when (18/4)/(-3)*1000/36*-12 is divided by 19?
6
What is the remainder when 545 is divided by (-5746)/(-130) - 12/10?
29
Suppose 2*o = -4*q + 16, o = 3*o + 5*q - 19. Let p(k) = k - 23. Let h be p(30). Suppose -o*j + 31 = h. Calculate the remainder when 35 is divided by j.
11
Suppose -4*k - 14 = -5*f, 4*f + 22*k - 17*k - 44 = 0. Suppose c + 12 = 4*h - 8, -2*c - 28 = -5*h. Calculate the remainder when 13 is divided by (10/3)/(h/f).
3
Let h(u) = 13*u - 35. Let d be h(15). Suppose -35*x + d = -31*x. What is the remainder when x is divided by 9?
4
Let t = 66 - -119. Let x = 247 - t. Calculate the remainder when x is divided by 18.
8
Suppose 13*q - 680 = 2*q + 783. What is the remainder when 439 is divided by q?
40
Calculate the remainder when 178 is divided by (-328)/(-6) + (-638)/174.
25
Let k = 15228 + -15198. Let w = -189 - -273. What is the remainder when w is divided by k?
24
Suppose -28 = 2*q - 3*q + 2*d, q + 3*d = 23. Suppose -4*b + 123 = 5*u - 154, b - 226 = -4*u. Calculate the remainder when u is divided by q.
5
Calculate the remainder when 159 - (5 - (-4)/(-4)) is divided by ((-280)/21)/10*(-369)/12.
32
Suppose -3285*t + 4926 = -3280*t + x, -3*t = -5*x - 2978. Calculate the remainder when t is divided by 43.
40
Suppose 2*h + 4*n - 774 = 860, 5*n = 4*h - 3242. What is the remainder when h is divided by 41?
34
Suppose 4*l - 45 = -4*s + 15, -3*s - 5*l = -47. What is the remainder when 460 is divided by s?
12
Let d(k) = -k**2 - 119*k - 752. What is the remainder when 1288 is divided by d(-10)?
274
Let g(d) = d**3 + 16*d**2 + 81. What is the remainder when g(-12) is divided by 20?
17
Let z(h) = -h**3 - 104*h**2 + 1262*h + 84. What is the remainder when 1307 is divided by z(-115)?
20
Let y be (0 + 4/12)*-309. Let l = -94 - y. Let q = 69 - 62. What is the remainder when l is divided by q?
2
Let x be 2*3/6*0. Suppose 202*j - 203*j + 12 = x. Calculate the remainder when 332 is divided by j.
8
Suppose -6*q + 356 = 38. Suppose 0*h = 7*h - 56. Calculate the remainder when q is divided by (31 - 1)*4/h.
8
Let l = 894 - 889. Let t = -3 + 3. Suppose t = 2*c - 0*c - 26. Calculate the remainder when c is divided by l.
3
Let m = 7033 + -6324. What is the remainder when m is divided by 51?
46
Let s(i) = -i**2 - 18*i - 10. Let t be s(-13). Let r = 55 - t. What is the remainder when 29 is divided by r*(-3)/(-3) + 11?
7
Suppose -41*f = 4676 - 23331. Calculate the remainder when f is divided by 162.
131
Let t(m) = 7*m**3 - 4*m**2 + 4*m - 99. What is the remainder when t(6) is divided by 26?
19
Suppose -28*t + 10*t = -702. Suppose 410 = 5*i + 35. Calculate the remainder when i is divided by 6 + t/3 + 7.
23
Suppose 0*n = -5*n + 5*t + 95, 4*n - 56 = -t. Suppose 0 = -0*h - 4*h + 60. Suppose h*x - 14*x = 24. What is the remainder when x is divided by n?
9
Calculate the remainder when 279 + 13/((-234)/72) is divided by 94.
87
What is the remainder when 204 is divided by 15 - (1 - (29 + -2))?
40
Let c(h) = -51*h - 950. Calculate the remainder when c(-26) is divided by 188.
0
Let o(y) = -304*y - 1605. What is the remainder when o(-7) is divided by 17?
13
Suppose 0*a - 38 = 5*a + 2*i, -24 = 2*a + 3*i. Let w be -1 + 3 + (-12)/a. Suppose -w*k - 1494 = -13*k. What is the remainder when k is divided by 28?
26
Let i(w) = 7*w**2 + 30*w + 12. Suppose 5*k = -s + 50, -5*s + 2*k + 190 = -3*k. Calculate the remainder when s is divided by i(-4).
0
Let c be (-495)